d 3765318?
6
Calculate the highest common factor of 317959247 and 622.
311
What is the highest common factor of 864 and 191085024?
96
Calculate the highest common factor of 7860937 and 21.
7
What is the highest common factor of 3175365 and 195?
15
Calculate the highest common divisor of 596 and 1639675268.
596
What is the highest common factor of 48847438 and 790?
158
Calculate the greatest common divisor of 2331 and 67962636.
2331
What is the greatest common factor of 10435 and 2480?
5
Calculate the greatest common factor of 1076 and 3222889.
269
What is the greatest common factor of 39 and 1329?
3
Calculate the greatest common divisor of 1022 and 667340961.
511
Calculate the highest common factor of 352 and 10182172.
44
What is the greatest common divisor of 231 and 10569867?
231
What is the greatest common divisor of 861 and 1245951?
21
What is the greatest common factor of 22 and 245948186?
22
What is the highest common divisor of 4668 and 692257398?
2334
What is the highest common divisor of 28900656 and 450?
18
Calculate the greatest common factor of 790218 and 9203246.
7982
What is the greatest common factor of 22764 and 180658356?
3252
What is the greatest common divisor of 81088225 and 2300?
575
What is the highest common divisor of 255 and 257601?
51
Calculate the greatest common divisor of 299510 and 806222.
982
What is the highest common divisor of 1152 and 916092?
36
Calculate the greatest common divisor of 84954 and 681.
3
What is the greatest common divisor of 1611838372 and 436?
436
Calculate the greatest common divisor of 10381716 and 4850.
194
Calculate the highest common factor of 254057 and 28701.
1063
What is the highest common factor of 14256 and 294192?
1296
What is the greatest common divisor of 1782 and 3025572?
66
Calculate the highest common factor of 6001308 and 36.
36
What is the highest common factor of 14 and 584354036?
14
Calculate the greatest common divisor of 208 and 16921528.
104
Calculate the highest common divisor of 59706 and 247491.
963
What is the greatest common divisor of 155983386 and 36491?
5213
Calculate the greatest common divisor of 449150 and 12610.
130
What is the highest common divisor of 205572 and 1569570?
2778
What is the highest common factor of 29913 and 275943?
177
Calculate the greatest common divisor of 1718292 and 340.
68
Calculate the highest common divisor of 1483244 and 2282.
14
What is the greatest common factor of 8152091 and 843?
281
What is the highest common divisor of 1996748 and 31616?
988
What is the greatest common divisor of 68735 and 69133430?
1165
What is the highest common divisor of 237 and 41059223?
79
Calculate the highest common divisor of 12210 and 691974.
222
What is the highest common divisor of 7333170 and 78?
78
What is the highest common factor of 848 and 687784392?
424
Calculate the greatest common factor of 15112375 and 425.
25
Calculate the greatest common factor of 6930 and 25506810.
630
Calculate the highest common divisor of 1420 and 136036.
284
Calculate the greatest common divisor of 68 and 58771652.
68
What is the highest common factor of 160 and 49019232?
32
Calculate the greatest common factor of 6949848 and 240.
24
Calculate the greatest common factor of 501290 and 230.
10
What is the highest common divisor of 283084 and 943?
23
What is the greatest common factor of 1917 and 104355?
27
What is the highest common divisor of 6446061 and 151659?
1107
What is the greatest common divisor of 18660128 and 32?
32
What is the greatest common divisor of 90 and 2127795?
15
What is the greatest common divisor of 148976 and 523760?
16
What is the highest common factor of 453017 and 102124?
211
What is the greatest common factor of 435 and 81165345?
435
What is the highest common divisor of 3781 and 109288?
19
What is the greatest common divisor of 420000 and 19121250?
3750
Calculate the greatest common divisor of 565 and 493650557.
113
Calculate the highest common divisor of 152975 and 1935.
5
Calculate the greatest common divisor of 40379 and 1607.
1
Calculate the greatest common factor of 388359 and 18243.
9
Calculate the greatest common divisor of 709604875 and 9975.
3325
What is the greatest common divisor of 2899680 and 14671?
863
Calculate the greatest common divisor of 38775131 and 389.
389
What is the greatest common divisor of 12 and 559241328?
12
Calculate the highest common factor of 6588 and 1880754.
6
What is the greatest common divisor of 18 and 419382819?
9
What is the greatest common divisor of 1 and 21034887?
1
What is the greatest common divisor of 57963 and 33?
3
Calculate the highest common factor of 2190200 and 110685.
235
Calculate the greatest common divisor of 96949590 and 60.
30
Calculate the greatest common factor of 175465627 and 57.
19
Calculate the greatest common divisor of 4303642 and 266.
14
What is the greatest common divisor of 605612 and 2064?
172
What is the highest common factor of 136 and 7710163?
17
Calculate the highest common factor of 170 and 3592820.
10
What is the highest common factor of 11144 and 4261992?
56
What is the greatest common divisor of 476 and 71146258?
34
What is the greatest common divisor of 972488 and 798424?
3784
What is the highest common divisor of 50412 and 12775241?
4201
What is the highest common factor of 2455 and 26510563?
491
What is the greatest common factor of 118014 and 3641196?
1326
What is the highest common factor of 15106852 and 36?
4
What is the highest common divisor of 70 and 852985?
35
Calculate the greatest common factor of 102 and 154837020.
102
Calculate the highest common factor of 24212463 and 847.
121
What is the greatest common divisor of 2088 and 30477144?
696
What is the greatest common factor of 3653 and 19971794?
281
What is the greatest common divisor of 640 and 2649760?
160
What is the greatest common divisor of 368 and 27824618?
46
Calculate the greatest common factor of 20205 and 1718323.
449
What is the highest common divisor of 7389653 and 96694?
3719
What is the greatest common divisor of 17248 and 7417718?
1078
Calculate the greatest common factor of 2529 and 2749860.
9
What is the highest common factor of 176 and 287151856?
16
Calculate the greatest common divisor of 2532 and 32742136.
844
Calculate the highest common factor of 81 and 92254869.
81
What is the highest common factor of 406035721 and 6482?
3241
What is the greatest common divisor of 1571177453 and 383?
383
Calculate the highest common divisor of 1168 and 72287666.
146
Calculate the highest common divisor of 6343584 and 9936.
1104
Calculate the greatest common factor of 199680 and 169104.
624
Calculate the highest common divisor of 21322085 and 95.
95
Calculate the highest common divisor of 54 and 14052771.
27
Calculate the highest common divisor of 4448 and 8667762.
278
Calculate the greatest common factor of 484588 and 3952.
52
Calculate the greatest common divisor of 228361 and 17271.
1919
Calculate the highest common divisor of 36 and 269581428.
36
Calculate the greatest common factor of 8208 and 15354576.
432
Calculate the highest common factor of 100606183 and 3305.
661
What is the greatest common factor of 627663 and 81?
3
Calculate the greatest common divisor of 336819 and 60426.
1119
What is the greatest common factor of 31752 and 3931497?
81
What is the highest common divisor of 680093674 and 716?
358
What is the highest common divisor of 266475 and 29469?
627
Calculate the highest common divisor of 9244275 and 233.
233
What is the greatest common divisor of 161640 and 208170?
90
What is the greatest common divisor of 49382901 and 1107?
369
What is the highest common factor of 58646594 and 146?
146
Calculate the greatest common factor of 190282 and 7476.
178
What is the greatest common divisor of 3552527 and 17589?
451
What is the highest common factor of 507452 and 46?
2
What is the greatest common factor of 8365852 and 304?
76
What is the highest common factor of 174943985 and 2605?
2605
What is the greatest common factor of 1715 and 29374177?
343
Calculate the greatest common factor of 24440 and 98200.
40
Calculate the highest common factor of 177045 and 271788.
957
Calculate the greatest common divisor of 32284 and 402808.
28
What is the highest common factor of 61416999 and 6?
